z?
11
Let c(n) = -3*n + 1. Suppose -4*r + 3*i - 5 - 26 = 0, i + 15 = -5*r. List the prime factors of c(r).
13
List the prime factors of 35 + 3 + 8/(-2).
2, 17
What are the prime factors of (-129)/(-9)*-1*-3?
43
Let s = -36 - -52. List the prime factors of s.
2
What are the prime factors of 265/4 - (-17)/(-68)?
2, 3, 11
Suppose 4*y + 4*f - 360 = 0, 3*y + 3*f = -2*y + 444. What are the prime factors of y?
3, 29
Let g(m) = 0 - 9 + 2*m - m. Let i be g(-7). Let l = 26 + i. List the prime factors of l.
2, 5
Let c(q) be the third derivative of -q**5/60 + q**4/4 + 5*q**3/3 + q**2. Suppose -4*a = a - 35. List the prime factors of c(a).
3
Let h = 13 - 9. Let q = 2 + h. Let p = 5 + q. List the prime factors of p.
11
Suppose -4*w = 20, l = -0*l - 2*w + 15. What are the prime factors of l?
5
Suppose -9 = -5*k + 1. Suppose 0*f - 12 = -2*f + 5*s, 3*f + 3 = -3*s. List the prime factors of (f - 0)*(18 - k).
2
Suppose -f + 4*f = 33. List the prime factors of f.
11
Suppose -4*w - 58 + 250 = 0. What are the prime factors of w?
2, 3
Let g(p) = 4*p**2 + 6*p + 9. List the prime factors of g(8).
313
List the prime factors of (5 - 4/2) + -2 + 205.
2, 103
Let n(z) = 2*z**2 - 12*z + 8. Let a be n(5). Let i(x) be the first derivative of -7*x**2/2 - 2*x - 2. What are the prime factors of i(a)?
2, 3
Suppose 4*k - 5 = -4*f + 15, 2*f = -4*k + 16. Suppose 4*c - b = 5 + f, c - b = 1. Suppose 2*n - l = 20, 0 = -c*n + 5*l + 11 + 25. List the prime factors of n.
2
Suppose 4*g - 36 = 32. List the prime factors of g.
17
Let w be ((-2)/4)/(2/(-8)). Suppose 3*z = 8 + 7, w*p - 3*z = 29. List the prime factors of p.
2, 11
List the prime factors of (-1)/3*(570/(-5))/1.
2, 19
What are the prime factors of (-210)/12*(1 - 238/10)?
3, 7, 19
Suppose 10 + 10 = 4*s. Suppose -28 = -v - s*r, 0*v + 76 = 2*v + 5*r. Suppose v = 3*m + m. What are the prime factors of m?
2, 3
Suppose 3*j = 488 + 385. Suppose 5*l = 3*n + j, 5*l - 129 = 3*l - 3*n. Suppose -4*r = -2*b - 9*r + 18, 4*r = -4*b + l. List the prime factors of b.
19
Let g be -4*2*(-1)/4. Suppose -g*z - 28 = -4*z. What are the prime factors of z?
2, 7
Let m(k) = 3*k**2 - 3*k + 7. What are the prime factors of m(6)?
97
Suppose 4*p + z - 120 = -3*z, 5*p - 5*z - 100 = 0. Suppose 0 = -3*v + p + 5. What are the prime factors of v?
2, 5
Suppose 2*u + 0*u = -4. Let y(a) = a**2 + 2*a + 4. Let v be y(-3). Let z = v - u. What are the prime factors of z?
3
Let r = -203 - -339. Suppose -r = 4*k - 8*k. List the prime factors of k.
2, 17
Let g(b) = b + 7. What are the prime factors of g(-5)?
2
Let d(t) = 8*t**2 - 8*t + 28. List the prime factors of d(5).
2, 47
Let q = 50 - 12. List the prime factors of q.
2, 19
Suppose 0 = -2*l + q + 412, 327 + 733 = 5*l + 5*q. List the prime factors of l.
2, 13
Suppose 0*v = 2*v + 30. List the prime factors of (-72)/v + (-1)/(-5).
5
Suppose 6*o + 65 = o. Let k = o + 22. Let b = k - 1. List the prime factors of b.
2
Let v(n) = 3*n**2 - 16*n + 3. Let h(j) = 10 - 6*j - 34*j - 7*j + 8*j**2. Let z(l) = 4*h(l) - 11*v(l). What are the prime factors of z(-12)?
7
List the prime factors of ((-110)/10)/((4/15)/(-4)).
3, 5, 11
Let x(k) = k**2 + 7*k + 3. Let g be x(-7). Suppose g*q + i = 83, 5*q = q - 2*i + 110. List the prime factors of q.
2, 7
What are the prime factors of 1/(2 + (-508)/256)?
2
Let n be (0 - -1)/(1/3). Suppose 3*j + 6 = 0, 0*q - q + 13 = n*j. List the prime factors of q.
19
Let a(x) = 11 + 0*x**2 + x**2 + 9 + 9*x - 9. What are the prime factors of a(-10)?
3, 7
Suppose 927 + 321 = 8*h. List the prime factors of h.
2, 3, 13
Let l(o) = -4*o**2 + 0*o**2 - 5*o + 5*o**2 - 7. Let x be l(7). Let s = 14 - x. List the prime factors of s.
7
Let s(b) = b**3 + b**2 - 2*b + 6. Let h be s(-7). What are the prime factors of h/(-18) + (-2)/9?
3, 5
Suppose -4*c = -44 - 4. What are the prime factors of c?
2, 3
Suppose 0 = -2*t + 20 + 58. List the prime factors of t.
3, 13
Let l = 2 - 4. What are the prime factors of (3 + l)/(-2)*-30?
3, 5
Suppose 0 = 14*c - 19*c + 15. What are the prime factors of c?
3
Let m(f) = 2*f + 1. Let a be m(-1). List the prime factors of 1*52 - (-5 - a).
2, 7
Suppose -127 = -i + 4*a + 114, -1059 = -4*i - 3*a. What are the prime factors of i?
3, 29
Let r(k) = k**2 + 9*k + 3. Let a be r(-8). Let m be 212/(-20) + 3/5. What are the prime factors of (-34)/m + 2/a?
3
Suppose 4*r = 5*p + 18, -22 = 4*p - 3*r - 7. Let n = -1 - p. Suppose -2*q - 18 = k + 2*q, 0 = 5*k + q - n. List the prime factors of k.
2
Suppose -9 + 8 = x. Let k = x - 3. Let s(p) = -6*p - 4. List the prime factors of s(k).
2, 5
Suppose 2*h - 5*i = -2*i + 17, 3*i = -h + 22. What are the prime factors of h?
13
Let o be 2/(1 + 0) + 6. Let r be (3/(-1))/(3/o). Let f = r - -22. List the prime factors of f.
2, 7
Let g(q) = -q**3 + 9*q**2 - q - 14. List the prime factors of g(5).
3
Suppose -3*r = -r - 26. What are the prime factors of r?
13
Suppose 0 = 3*d + 9, -4*d = -r + 49 - 12. Suppose 2*l = 41 + r. List the prime factors of l.
3, 11
Let y(p) = -6*p**2 - 1. Let v(s) = 13*s**2 + 3. Let k(c) = -2*v(c) - 5*y(c). Suppose b + 5*t + 6 + 15 = 0, 2*t + 7 = b. List the prime factors of k(b).
3
Let w = 0 + 0. Suppose 5*j = -w*j + 70. What are the prime factors of j?
2, 7
Suppose -3*r - 4*d - 1 + 19 = 0, -23 = -4*r - 5*d. Let v(x) = 6*x - 1. Let l be v(-1). Let c = r - l. What are the prime factors of c?
3
Suppose -w - w - 14 = 0. Let p = 10 + w. Suppose p*b - 5*k - 16 = 0, 5*b - 2*k = -0*k + 14. List the prime factors of b.
2
Let t be 33/9 - 1/(-3). Suppose -o - 18 + t = 0. What are the prime factors of (-66)/(-14) - 4/o?
5
Let q(l) be the third derivative of 0*l + 7/24*l**4 + 0 - 1/6*l**3 - l**2. What are the prime factors of q(2)?
13
Suppose b + 2 + 2 = 0, -14 = p + 4*b. Suppose -t - 24 = -5*n + 34, -32 = -3*n + p*t. List the prime factors of n.
2, 3
Let a = -22 + 64. What are the prime factors of a?
2, 3, 7
List the prime factors of 10/15 - (-164)/6.
2, 7
Suppose 5*r - 4*g = 35, 5*r + g = -25 + 85. List the prime factors of r.
11
Let c(m) = -16*m - 4. List the prime factors of c(-2).
2, 7
Suppose 82 = 4*m + p, -8 = 4*p - 0. List the prime factors of m.
3, 7
Let m = 1 + 1. Suppose 4*d - m + 1 = -w, w + 3*d - 4 = 0. What are the prime factors of w?
13
Suppose 7*j - 2*j - 4*n - 649 = 0, -5*j + 677 = 3*n. What are the prime factors of j?
7, 19
What are the prime factors of 748/22*(-1)/(-1)?
2, 17
Let d = 42 - 30. Suppose 3*r + 5*w - d = 2*w, -r + 10 = 4*w. What are the prime factors of r?
2
Let f(k) = k - 1. Let s be f(4). Let l be -66*(s - 2)/(-3). Suppose -v = v - l. List the prime factors of v.
11
Suppose 3*g = -8*n + 4*n + 345, 4*n = g - 115. What are the prime factors of g?
5, 23
Let k(x) be the first derivative of -x**6/360 - x**5/20 + 5*x**4/24 + x**3 - 1. Let o(c) be the third derivative of k(c). What are the prime factors of o(-6)?
5
Let x(c) = -c**3 - 6*c**2 - 5*c - 1. Let k be x(-5). Let j = 6 - k. What are the prime factors of j?
7
Suppose 6*g = 14*g - 272. What are the prime factors of g?
2, 17
Suppose 4*m + 3*d = -31, -25 = 5*m - 0*d + d. Let u(v) = -v**3 - 3*v**2 + 2*v - 5. List the prime factors of u(m).
3
Suppose 0 = 4*q - 0*q. Suppose q*i = 3*i - 12. Suppose 4*s - 3*d - 26 = 0, i*s = -2*d + d + 18. What are the prime factors of s?
5
Let p be (-1)/(2/8 + 0). Let v = p - -7. Suppose -f = x + 3*f + v, 0 = -x + 5*f + 24. What are the prime factors of x?
3
Let q(k) = k**2 - 2*k - 1. Let f(g) = 4*g**3 - g**2. Let l be f(1). What are the prime factors of q(l)?
2
Suppose -3*j = -0*j + 15. Let w = -1 - j. Suppose r + w*f - 48 = -3*r, 4*f + 4 = 0. What are the prime factors of r?
13
Let j = -65 - -103. Let d = j + -23. List the prime factors of d.
3, 5
Suppose 10 + 47 = 3*g. Suppose 23*d - g*d - 164 = 0. List the prime factors of d.
41
Suppose 36*q - 31*q - 725 = 0. What are the prime factors of q?
5, 29
Let c(t) = -t**3 - t**2 + 4*t - 1. List the prime factors of c(-5).
79
Suppose -3*k + 3*i + 324 = 0, 493 = 4*k - 3*i + 63. What are the prime factors of k?
2, 53
Suppose 5*b + 28 = 6*b. What are the prime factors of b?
2, 7
What are the prime factors of (-12)/8*6*-2?
2, 3
Let a be 5/15 - (-5)/3. Suppose -a = -3*c + 7. List the prime factors of c.
3
Suppose -4*x + 500 + 136 = 0. List the prime factors of x.
3, 53
Let b(v) = -v**3 + 9*v**2 + v - 10. Let